
3, 20643731
List the prime factors of 86551948.
2, 7, 43, 71887
What are the prime factors of 82931553?
3, 3071539
What are the prime factors of 441590242?
2, 3343, 66047
List the prime factors of 104741857.
11, 37, 257351
List the prime factors of 47088863.
1031, 45673
What are the prime factors of 32868564?
2, 3, 23, 119089
List the prime factors of 264593963.
283, 934961
List the prime factors of 269446383.
3, 41, 157, 4651
List the prime factors of 649738173.
3, 7, 5479, 5647
What are the prime factors of 148700456?
2, 18587557
What are the prime factors of 391809987?
3, 14511481
What are the prime factors of 295078220?
2, 5, 47, 6679
List the prime factors of 51426276.
2, 3, 11, 317, 1229
What are the prime factors of 346738797?
3, 2437, 15809
What are the prime factors of 136736632?
2, 97, 176207
What are the prime factors of 243354123?
3, 31, 872237
What are the prime factors of 31919722?
2, 23, 131, 5297
List the prime factors of 213521042.
2, 7, 79, 193057
List the prime factors of 1371629544.
2, 3, 57151231
List the prime factors of 2052484077.
3, 7, 29, 3370253
What are the prime factors of 3619266860?
2, 5, 11, 1291, 12743
List the prime factors of 127153304.
2, 1627, 9769
What are the prime factors of 2011519583?
47, 42798289
List the prime factors of 258376525.
5, 11, 939551
List the prime factors of 6585512.
2, 233, 3533
List the prime factors of 123502606.
2, 2591, 23833
What are the prime factors of 3831271?
23, 157, 1061
What are the prime factors of 520583455?
5, 7, 61, 109, 2237
What are the prime factors of 21473679?
3, 7157893
What are the prime factors of 2837267599?
2837267599
What are the prime factors of 27662431?
27662431
List the prime factors of 282173423.
7, 109, 369821
List the prime factors of 144939684.
2, 3, 71, 311, 547
List the prime factors of 1569358219.
11, 13, 19, 37, 67, 233
List the prime factors of 775652308.
2, 193913077
List the prime factors of 4867232.
2, 89, 1709
What are the prime factors of 134466623?
31, 4337633
What are the prime factors of 190970528?
2, 7, 233, 3659
List the prime factors of 39487538.
2, 19743769
What are the prime factors of 33793286?
2, 19, 31, 28687
List the prime factors of 2661954179.
12739, 208961
List the prime factors of 599129647.
29, 179, 211, 547
List the prime factors of 1515024650.
2, 5, 263, 115211
What are the prime factors of 60526960?
2, 5, 13, 58199
What are the prime factors of 520602375?
3, 5, 19, 31, 2357
List the prime factors of 91976961.
3, 89, 344483
What are the prime factors of 65192114?
2, 13, 2507389
List the prime factors of 120515795.
5, 24103159
What are the prime factors of 1811796849?
3, 67103587
What are the prime factors of 357680331?
3, 39742259
List the prime factors of 2429210199.
3, 13, 62287441
What are the prime factors of 505755135?
3, 5, 11239003
List the prime factors of 226623297.
3, 1427, 52937
What are the prime factors of 40359662?
2, 7, 41, 70313
List the prime factors of 465614436.
2, 3, 7, 5543029
What are the prime factors of 2122484439?
3, 229, 3089497
What are the prime factors of 8023682697?
3, 179, 313, 47737
List the prime factors of 468619166.
2, 15149, 15467
List the prime factors of 23140203.
3, 7713401
What are the prime factors of 48825510?
2, 3, 5, 1009, 1613
List the prime factors of 8437199.
83, 101653
What are the prime factors of 2976402976?
2, 17, 5471329
What are the prime factors of 1200604309?
1601, 749909
List the prime factors of 2144267191.
11, 194933381
What are the prime factors of 87557114?
2, 1091, 40127
List the prime factors of 554161105.
5, 8839, 12539
What are the prime factors of 64831515?
3, 5, 7, 19, 32497
What are the prime factors of 51669762?
2, 3, 331, 26017
What are the prime factors of 56602500?
2, 3, 5, 7547
List the prime factors of 75769547.
7, 29, 73, 5113
List the prime factors of 2554962516.
2, 3, 89, 797429
What are the prime factors of 779051746?
2, 11, 67, 727
What are the prime factors of 270117600?
2, 3, 5, 29, 3881
What are the prime factors of 88171195?
5, 7, 2519177
What are the prime factors of 25422925?
5, 11, 193, 479
List the prime factors of 2297699709.
3, 16063, 47681
List the prime factors of 202676513.
13, 15590501
What are the prime factors of 10557376?
2, 293, 563
What are the prime factors of 3247566326?
2, 1623783163
List the prime factors of 1055269101.
3, 17, 19, 1089029
List the prime factors of 2159687175.
3, 5, 1439, 20011
What are the prime factors of 15962026?
2, 7981013
What are the prime factors of 817249453?
53, 15419801
What are the prime factors of 1571157680?
2, 5, 17, 1155263
List the prime factors of 302888435.
5, 60577687
What are the prime factors of 731286610?
2, 5, 23, 103, 30869
What are the prime factors of 29657694?
2, 3, 11, 71, 6329
What are the prime factors of 2849772478?
2, 7, 29079311
List the prime factors of 996537153.
3, 332179051
What are the prime factors of 6021762036?
2, 3, 19, 26411237
What are the prime factors of 255349996?
2, 11, 17, 43, 467
List the prime factors of 116063271.
3, 12895919
List the prime factors of 118028279.
2339, 50461
List the prime factors of 166939757.
19, 462437
What are the prime factors of 105751125?
3, 5, 23, 61, 67
What are the prime factors of 931885462?
2, 113, 4123387
List the prime factors of 7527065951.
23, 59, 5546843
List the prime factors of 1442123330.
2, 5, 144212333
List the prime factors of 65615878.
2, 32807939
What are the prime factors of 104362943?
503, 207481
List the prime factors of 245096077.
467, 524831
List the prime factors of 132535178.
2, 3061, 21649
What are the prime factors of 371754743?
283, 1313621
What are the prime factors of 144882160?
2, 5, 17, 106531
List the prime factors of 93226323.
3, 5503, 5647
What are the prime factors of 393427076?
2, 7, 31, 73, 887
What are the prime factors of 899571282?
2, 3, 173, 866639
List the prime factors of 184297864.
2, 23037233
List the prime factors of 6626541697.
461, 14374277
List the prime factors of 536316087.
3, 61, 2930689
List the prime factors of 2521820708.
2, 11, 7103, 8069
What are the prime factors of 2021539131?
3, 224615459
What are the prime factors of 21344488?
2, 11, 242551
List the prime factors of 283343966.
2, 141671983
What are the prime factors of 31780145?
5, 823, 7723
List the prime factors of 1649275142.
2, 953, 865307
What are the prime factors of 15420955?
5, 11, 17, 16493
List the prime factors of 3998546.
2, 1999273
List the prime factors of 107611508.
2, 521, 51637
List the prime factors of 65376324.
2, 3, 13, 29, 4817
List the prime factors of 1744850393.
11, 13, 1151, 10601
List the prime factors of 1895718204.
2, 3, 53, 293, 3391
List the prime factors of 16341012.
2, 3, 17, 26701
What are the prime factors of 114606169?
79, 1450711
What are the prime factors of 19939273?
19939273
List the prime factors of 1171131.
3, 13, 30029
List the prime factors of 213611645.
5, 13, 739, 4447
List the prime factors of 151848815.
5, 30369763
What are the prime factors of 1692860083?
1692860083
List the prime factors of 1273925.
5, 50957
List the prime factors of 59601093.
3, 179, 110989
List the prime factors of 139865398.
2, 69932699
What are the prime factors of 54141955?
5, 7, 251, 6163
What are the prime factors of 61285733?
1031, 59443
List the prime factors of 801481197.
3, 11, 2833, 8573
What are the prime factors of 539073200?
2, 5, 271, 4973
List the prime factors of 76209765.
3, 5, 5080651
What are the prime factors of 75156287?
37, 2031251
What are the prime factors of 445185450?
2, 3, 5, 43, 7669
What are the prime factors of 2167910506?
2, 41, 1031, 25643
What are the prime factors of 49611186?
2, 3, 103, 26759
What are the prime factors of 4437562951?
47, 239, 395047
What are the prime factors of 9503706013?
29437, 322849
List the prime factors of 2890042343.
2890042343
What are the prime factors of 5400870?
2, 3, 5, 67, 2687
What are the prime factors of 13436802?
2, 3, 29, 25741
List the prime factors of 694916904.
2, 3, 11, 373, 7057
List the prime factors of 229310573.
1657, 138389
What are the prime factors of 4781262129?
3, 7, 53, 101, 42533
List the prime factors of 2674300437.
3, 297144493
List the prime factors of 47886455.
5, 293, 32687
List the prime factors of 591177098.
2